be (-9 + 1 - -7)*-5. Suppose -58 = -3*s - 5*k, -3*s - r*k + 32 = -s. What is the remainder when s is divided by 18?
8
Suppose -87*s + 66*s = -1344. What is the remainder when 148 is divided by 1 + -8 + 2 + (s - -10)?
10
Let q = -2012 + 2020. Calculate the remainder when 920 is divided by q.
0
Suppose 1248*p - 55 = -3*d + 1246*p, -2*d - p = -34. Suppose -f = 10 - 9. What is the remainder when (22/(-8))/(f/8) is divided by d?
9
Let m(g) = g**2 - 8*g - 7. Let j(b) = 5*b**2 + 4*b - 2. Let w be j(-2). Let f(c) = 2*c**2 - 8*c + 9. What is the remainder when f(7) is divided by m(w)?
12
Let q = -3867 + 4002. Calculate the remainder when 234 is divided by q.
99
Let x = -124062 + 124115. What is the remainder when x is divided by (0 - 0 - -5)*2?
3
What is the remainder when 1721 is divided by (3/9)/((-12)/6852)*-3?
8
Let z be 966/(-368) - ((-38)/(-16) - 2). Calculate the remainder when z/((1/(-3))/(748/153)) is divided by 30.
14
Suppose -3*j + 7*j = -4*v + 212, 0 = 2*j - 2*v - 126. Suppose a + 163 = j. What is the remainder when (252/a)/(1/(-30)) is divided by 37?
35
Let n = -20 - -34. Let c = 53 + -48. Calculate the remainder when ((-400)/(-35))/(((-10)/(-7))/c) is divided by n.
12
Suppose 16 = 3*h - 7*h. Let w be 2*h/8*-12. Let a(p) = 2*p**3 - 25*p**2 + 15*p - 14. Calculate the remainder when a(w) is divided by 13.
9
Let z(r) = 449*r - 3571. What is the remainder when 1256 is divided by z(8)?
17
Let y = 816 - 800. Calculate the remainder when (0 + 1)/((-78)/(-9516)) is divided by y.
10
Suppose 137 = m + 3*g, -2*m - 10*g = -7*g - 280. Calculate the remainder when m is divided by 54.
35
Let n = -5661 + 5754. Calculate the remainder when 3252 is divided by n.
90
Let m = 123 + 669. What is the remainder when 802 is divided by m?
10
Let p(c) = 14*c**3 + 5*c**2 + 24*c - 45. What is the remainder when 1386 is divided by p(2)?
36
Let v = 14773 - 14187. What is the remainder when v is divided by 96?
10
Let u be (-14 + -6)*18/(-15)*23. What is the remainder when ((-9)/(-4))/1*24 is divided by (-14)/(-49) - (1 + u/(-28))?
16
Let v be (-270)/(-50) + 3/5. Let j(g) = -g**3 + 5*g**2 + 8*g - 6. Calculate the remainder when 261 is divided by j(v).
3
Let y = -1 - -3. Suppose 20*m - m = 2610 + 1133. Suppose 4*a = -3*k + m, y*k - 128 = 4*a - 5*a. Calculate the remainder when k is divided by 18.
9
Let z = 159 + -156. Suppose z*q + 2*f - 928 = 0, -4*q + 7*q = 5*f + 914. Calculate the remainder when q is divided by 26.
22
Let n(r) = -2*r**2 - 48*r - 83. Calculate the remainder when 368 is divided by n(-13).
165
Let m(p) = -4*p - 143. Let u be m(7). Let a = u + 248. What is the remainder when a is divided by 14?
7
Suppose 32*i + 488 = 10120. Let m = i + -265. Suppose -7*b + 2*b + 55 = 0. Calculate the remainder when m is divided by b.
3
Suppose -12549*v + 12532*v = -4845. What is the remainder when v is divided by 35 - (5 + -3) - -3?
33
Suppose 362 = 2*c + 5*t, 167*c - 171*c - 4*t + 724 = 0. Let f(b) = -5*b + 1. Calculate the remainder when c is divided by f(-5).
25
Let s(b) = -b**3 - 43*b**2 + 36*b - 67. Let h be s(-44). Let u = h - 252. Calculate the remainder when 151 is divided by u.
19
Suppose -5*g + 6*g = 10. Let d = 2 + 36. Calculate the remainder when d is divided by g.
8
Let k(r) = r + 15. Let d be k(-12). Let x(s) = 10*s**2 + 5*s - 3. Suppose -2*u = b + 12 - 51, 0 = -2*b - 6. What is the remainder when x(d) is divided by u?
18
Let g = 11901 - 10907. Calculate the remainder when g is divided by 201.
190
Let o be (11/(-2))/(12/(-72)). Suppose -2*w = -o + 39. What is the remainder when (47/(-2))/(w/6) is divided by 10?
7
Suppose -b = 4 - 2, 3*b = -g - 198. Calculate the remainder when ((-6)/4)/(1*3/g) is divided by 14.
12
Let m(c) = 2*c + 64. Let u be -5 + (-8)/(56/105). Let b = 25 + -10. Calculate the remainder when m(u) is divided by b.
9
Let i = -410 - 220. Let b = i - -666. What is the remainder when 132 is divided by b?
24
Suppose 6*l - 128 = 34. What is the remainder when (-2)/5*-15 + 99 + -1 is divided by l?
23
Suppose -2*d = -14 + 8. Let x be (2 + 4/(-3))/(d/288). Suppose -f + 2*f = 4*s + 16, 0 = 4*f + 3*s - x. Calculate the remainder when 143 is divided by f.
15
Let r(m) = m**3 - 19*m**2 - 21*m + 21. Let p be r(20). What is the remainder when 36 + -12 - (-2)/p is divided by 14?
12
Suppose -h - 14 = 4*t, 5*h = 4*h + 4*t + 2. What is the remainder when -1 - (-12 - h - -2) is divided by 1?
0
Suppose -11*d + d + 2442 = -828. Calculate the remainder when d is divided by 48.
39
What is the remainder when 4206 is divided by ((15/2 - 7)/(-1))/(6/(-276))?
20
Suppose 4*x - 2 = 2. Let h(l) = 69*l. What is the remainder when h(x) is divided by (6 + -3)/(-12) - (-1599)/156?
9
Let a(d) = d**2 + 33*d + 69. Let n be a(-22). Let y = n - -207. Let o(z) = z**2 + z - 7. What is the remainder when y is divided by o(5)?
11
Let p(j) = 2*j**3 + 8*j**2 - 17*j + 1. Let q be p(-5). Suppose -q*n = -38*n + 42. Let m = 136 + -57. Calculate the remainder when m is divided by n.
16
What is the remainder when ((-3)/(-2)*(-8)/6)/(173/(-18857)) is divided by 69?
11
Suppose 2*p - j + 4*j + 3 = 0, 5*j + 9 = -2*p. Let g be (-28)/12 + (p - (-22)/(-6)). What is the remainder when 43 is divided by (-6)/30 + g/((-15)/116)?
20
Let b be (2/5)/(5*(-7)/(-175)). Suppose 3*v + 3*x = 21, -b*v + 39 = 3*v + 4*x. Calculate the remainder when 18 is divided by v.
7
Suppose 2*z - 4*z = -576. Let b = z - 190. Let a = b - 69. What is the remainder when 115 is divided by a?
28
Let z be ((-17)/(34/(-120)))/(4/6). Suppose 5*m - z = -5*m. Suppose 0 = -m*t - 0*t + 135. Calculate the remainder when 117 is divided by t.
12
Suppose -11 - 8 = -r. Let z = r + 22. Calculate the remainder when z is divided by 1/((2/(-5))/((-132)/15)).
19
Let q(x) = 8*x**2 - 331*x - 1684. What is the remainder when 348 is divided by q(-5)?
6
Let f(l) = 3*l**2 - 3*l - 2. Let x be f(2). Let b be (-1)/(2/6*x/4). Let v = -1 - b. What is the remainder when 5 is divided by v?
1
Let g(x) be the second derivative of -26*x + 1/20*x**5 + 4/3*x**3 + 5/6*x**4 + 0 - 17/2*x**2. What is the remainder when g(-8) is divided by 8?
7
Suppose -t = 3*b - 126, 3*t = -2*t - b + 644. Let a = -203813 - -203846. What is the remainder when t is divided by a?
30
Let d be (0/4)/(12 + -11). Suppose -m - q + 7 = 2*q, m - q - 15 = d. What is the remainder when m is divided by 7?
6
Let u(k) = 156*k**2 - 201*k - 1115. Calculate the remainder when u(-5) is divided by 79.
77
Let k(j) = -j**3 + 11*j**2 - 13*j + 44. Let v be k(10). Let z(s) = s**2 - 15*s + 54. What is the remainder when z(v) is divided by 18?
4
Suppose 2 = -x, -5*g - 31*x + 1079 = -28*x. What is the remainder when g is divided by 56?
49
Suppose 0 = -2*k + 3*k - 12. Calculate the remainder when k is divided by (-6 - -4)/(4/(-14)).
5
Suppose 892*q - 887*q = w - 14, -4*w = -5*q - 41. Let g(n) = -10*n. Calculate the remainder when g(-2) is divided by w.
2
Let h(c) = 3*c**2 - 6*c + 266. Calculate the remainder when h(11) is divided by 33.
2
What is the remainder when 279 is divided by (4 - -4)/(-24)*-1 + (-501)/(-9)?
55
Suppose 4*l - 101 = -0*l - 3*h, 4*l - 4*h - 80 = 0. Suppose 103 = 5*i + 33. What is the remainder when l is divided by -1 + i/2 + 1?
2
Suppose -3*q - 61 = -58. Let s(i) = 31*i + 5. Calculate the remainder when s(5) is divided by ((-13)/(-26))/(q/(-54)).
25
Suppose -150*i + 38282 = 7982. Calculate the remainder when i is divided by 33.
4
Let z(j) = 26*j - 532. Calculate the remainder when 149 is divided by z(22).
29
Let f(w) = 6*w + 226. What is the remainder when 314 is divided by f(-16)?
54
Let n = -592 - -280. Let r = n + 370. Calculate the remainder when 169 is divided by r.
53
Let l(o) be the second derivative of -o**3 - 71*o**2 - 11*o. What is the remainder when l(-33) is divided by 20?
16
Let v = -3191 - -3195. Calculate the remainder when 50 is divided by v.
2
Let u(z) = 28*z**2 + 142*z + 17. Let p be u(8). Suppose t - p = -5*r, -5*t - 998 = -2*r + 153. Calculate the remainder when r is divided by 59.
57
Let n = 526 - 118. Suppose -24*z = -288 - n. What is the remainder when 31 is divided by z?
2
Suppose 3*b - 4*u = 244, 16*u = 19*u - 15. What is the remainder when b is divided by ((-596)/(-10))/2 + (-2)/(-10)?
28
Suppose -2*n + 2 = -l, 5*n - 7 = l + 10. What is the remainder when (-56)/(-5) 